{"id":31,"date":"2021-07-24T18:18:58","date_gmt":"2021-07-24T17:18:58","guid":{"rendered":"https:\/\/rockys-hausboot.de\/?page_id=31"},"modified":"2021-08-04T19:33:39","modified_gmt":"2021-08-04T18:33:39","slug":"impressum","status":"publish","type":"page","link":"https:\/\/rockys-hausboot.de\/?page_id=31","title":{"rendered":"Impressum"},"content":{"rendered":"<p>[et_pb_section fb_built=&#8220;1&#8243; fullwidth=&#8220;on&#8220; admin_label=&#8220;Hero&#8220; _builder_version=&#8220;3.22&#8243;][et_pb_fullwidth_header title=&#8220;Impressum&#8220; button_one_url=&#8220;https:\/\/www.facebook.com\/Rockys-Hausboot-390087621433580\/?ref=page_internal&#8220; background_overlay_color=&#8220;rgba(29,38,51,0.86)&#8220; header_image_url=&#8220;https:\/\/rockys-hausboot.de\/wp-content\/uploads\/2021\/07\/logo-480&#215;359-1.png&#8220; content_max_width=&#8220;700px&#8220; admin_label=&#8220;Hero Section&#8220; _builder_version=&#8220;4.9.10&#8243; title_font=&#8220;Oswald|on||on|&#8220; title_font_size=&#8220;80px&#8220; title_line_height=&#8220;1.3em&#8220; content_font=&#8220;Roboto||||&#8220; content_font_size=&#8220;20px&#8220; background_color=&#8220;rgba(255, 255, 255, 0)&#8220; background_image=&#8220;https:\/\/rockys-hausboot.de\/wp-content\/uploads\/2021\/07\/IMG-20170622-WA0073-1080&#215;810-1.jpg&#8220; parallax=&#8220;on&#8220; parallax_method=&#8220;on&#8220; custom_button_one=&#8220;on&#8220; button_one_border_radius=&#8220;0px&#8220; button_one_letter_spacing=&#8220;4px&#8220; button_one_font=&#8220;Oswald|on||on|&#8220; button_one_icon=&#8220;%%3%%&#8220; button_one_icon_color=&#8220;#ffffff&#8220; min_height=&#8220;444px&#8220; custom_margin=&#8220;|||&#8220; custom_padding=&#8220;63px||53px|||&#8220; custom_padding_tablet=&#8220;60px||60px|&#8220; custom_padding_phone=&#8220;&#8220; custom_padding_last_edited=&#8220;on|tablet&#8220; child_filter_saturate=&#8220;169%&#8220; child_filter_brightness=&#8220;123%&#8220; child_filter_contrast=&#8220;67%&#8220; child_filter_sepia=&#8220;28%&#8220; child_filter_opacity=&#8220;96%&#8220; child_mix_blend_mode=&#8220;multiply&#8220; animation_style=&#8220;zoom&#8220; animation_direction=&#8220;bottom&#8220; animation_intensity_zoom=&#8220;4%&#8220; link_option_url_new_window=&#8220;on&#8220; border_color_all_image=&#8220;#004159&#8243; button_one_text_color_hover=&#8220;#ffffff&#8220; button_one_border_color_hover=&#8220;#ffffff&#8220; button_one_border_radius_hover=&#8220;0px&#8220; button_one_letter_spacing_hover=&#8220;4px&#8220; button_one_bg_color_hover=&#8220;rgba(0,0,0,0)&#8220; button_one_text_size__hover_enabled=&#8220;off&#8220; button_two_text_size__hover_enabled=&#8220;off&#8220; button_one_text_color__hover_enabled=&#8220;on&#8220; button_one_text_color__hover=&#8220;#ffffff&#8220; button_two_text_color__hover_enabled=&#8220;off&#8220; button_one_border_width__hover_enabled=&#8220;off&#8220; button_two_border_width__hover_enabled=&#8220;off&#8220; button_one_border_color__hover_enabled=&#8220;on&#8220; button_one_border_color__hover=&#8220;#ffffff&#8220; button_two_border_color__hover_enabled=&#8220;off&#8220; button_one_border_radius__hover_enabled=&#8220;on&#8220; button_one_border_radius__hover=&#8220;0px&#8220; button_two_border_radius__hover_enabled=&#8220;off&#8220; button_one_letter_spacing__hover_enabled=&#8220;on&#8220; button_one_letter_spacing__hover=&#8220;4px&#8220; button_two_letter_spacing__hover_enabled=&#8220;off&#8220; button_one_bg_color__hover_enabled=&#8220;on&#8220; button_one_bg_color__hover=&#8220;rgba(0,0,0,0)&#8220; button_two_bg_color__hover_enabled=&#8220;off&#8220;][\/et_pb_fullwidth_header][\/et_pb_section][et_pb_section fb_built=&#8220;1&#8243; _builder_version=&#8220;3.22&#8243; custom_margin=&#8220;||13px|||&#8220; custom_padding=&#8220;20px||20px||true|&#8220;][et_pb_row _builder_version=&#8220;3.25&#8243;][et_pb_column type=&#8220;4_4&#8243; _builder_version=&#8220;3.25&#8243; custom_padding=&#8220;|||&#8220; custom_padding__hover=&#8220;|||&#8220;][et_pb_text admin_label=&#8220;Discover Beatuty Title&#8220; _builder_version=&#8220;4.9.10&#8243; text_font=&#8220;||||&#8220; text_text_color=&#8220;#1a1a1a&#8220; header_font=&#8220;Oswald|on||on|&#8220; header_text_align=&#8220;left&#8220; header_font_size=&#8220;60px&#8220; header_line_height=&#8220;1.3em&#8220; animation_style=&#8220;slide&#8220; animation_direction=&#8220;%22fade_in%22&#8243; animation_duration=&#8220;500ms&#8220; animation_intensity_slide=&#8220;10%&#8220; hover_enabled=&#8220;0&#8243; sticky_enabled=&#8220;0&#8243;]<\/p>\n<h1><span style=\"font-weight: 400;\">Impressum und AGB<\/span><\/h1>\n<p>[\/et_pb_text][et_pb_text admin_label=&#8220;Discover Beatuty Sub Title&#8220; _builder_version=&#8220;4.9.10&#8243; text_font=&#8220;Roboto||||&#8220; text_text_color=&#8220;#1a1a1a&#8220; text_font_size=&#8220;24px&#8220; text_line_height=&#8220;1.4em&#8220; animation_style=&#8220;slide&#8220; animation_direction=&#8220;top&#8220; animation_delay=&#8220;100ms&#8220; animation_intensity_slide=&#8220;10%&#8220; hover_enabled=&#8220;0&#8243; sticky_enabled=&#8220;0&#8243;]<\/p>\n<h1>Impressum<\/h1>\n<h2>Angaben gem\u00e4\u00df \u00a7 5 TMG<\/h2>\n<p>&nbsp;<\/p>\n<p>Ingeborg Rogge<br \/>Junckerstr. 17 B<br \/>16816 Neuruppin<\/p>\n<h2>Kontakt<\/h2>\n<p>Telefon: 0171-7008860<br \/>E-Mail: info@rockys-hausboot.de<\/p>\n<p>Quelle: <a href=\"https:\/\/www.e-recht24.de\/impressum-generator.html\">https:\/\/www.e-recht24.de\/impressum-generator.html<\/a><\/p>\n<p>&nbsp;<\/p>\n<p>&nbsp;<\/p>\n<h1>Allgemeine Gesch\u00e4ftsbedingungen \u201eRockys Hausboot\u201c<\/h1>\n<p>&nbsp;<\/p>\n<p>Die nachstehenden Bedingungen sind Bestandteil des Chartervertrages, der zwischen dem Kunden, im Folgenden als &#8222;Charterer&#8220; bezeichnet, und \u201eRocky \u0301s Hausboot\u201c, vertreten durch Ingeborg Rogge, im Folgenden als &#8222;Vercharterer&#8220; bezeichnet, \u00fcber ein Hausboot abgeschlossen wird.<\/p>\n<p>&nbsp;<\/p>\n<ol>\n<li>Grundlegendes<\/li>\n<\/ol>\n<ul>\n<li>Das Fahrgebiet erstreckt sich auf die Binnenwasserstra\u00dfen, die f\u00fcr jedes Hausboot entsprechend vereinbart sind.<\/li>\n<li>Der Mietvertrag beinhaltet die Bootsnutzung zum Zwecke der Erholung und Wasserwanderung. Mit der Buchung erkennt der Charterer die Bedingungen f\u00fcr sich und die mitreisenden Personen an.<\/li>\n<\/ul>\n<p>&nbsp;<\/p>\n<ol start=\"2\">\n<li>Reservierung<\/li>\n<\/ol>\n<ul>\n<li>Eine Reservierung und ein Vertrag werden nur g\u00fcltig, wenn der Vercharterer den vom Charterer unterzeichneten Vertrag erhalten hat und wenn der Charterer den vom Vercharterer unterzeichneten Vertrag bekommen hat.<\/li>\n<li>Die Buchungsanfrage h\u00e4lt der Vercharterer 7 Tage aufrecht. Mit Eingang des unterschriebenen Vertrages und mit Eingang Ihrer Zahlung wird Ihre Buchung fest. Buchungen, die vom Charterer nicht innerhalb von 7 Tagen entsprechend best\u00e4tigt werden, werden durch das Buchungssystem automatisch gel\u00f6scht.<\/li>\n<\/ul>\n<p>&nbsp;<\/p>\n<ol start=\"3\">\n<li>Preise und Zahlungsf\u00e4lligkeit<\/li>\n<\/ol>\n<ul>\n<li>In der Buchungsbest\u00e4tigung ist der Gesamtmietpreis ausgewiesen. Im Mietpreis sind die vereinbarten Leistungen einschlie\u00dflich des Boots mit Ausstattung laut Inventarliste und die gebuchten Extras enthalten.<\/li>\n<li>Eine Anzahlung in H\u00f6he von 30% des Charterpreises ist innerhalb von 7 Tagen nach Versand der Buchungsbest\u00e4tigung zu leisten. Der Restbetrag ist 6 Wochen vor Reiseantritt zur Zahlung f\u00e4llig. Bei Buchungen welche weniger als 4 Wochen vor Reiseantritt erfolgen, ist der Charterpreis sofort in voller H\u00f6he zur Zahlung f\u00e4llig. Alle Zahlungen sind per \u00dcberweisung auf das Bankkonto des Vercharterers zu leisten. Bei nicht fristgerechter Zahlung ist der Vermieter berechtigt, vom Vertrag zur\u00fcckzutreten und die Buchung zu stornieren.<\/li>\n<li>Die Stornierung bei Nichtzahlung ist dem R\u00fccktritt vom Vertrag gleich zu setzen. Die Kosten f\u00fcr die Stornierung tr\u00e4gt der Mieter entsprechend der unter Punkt 4 ausgewiesenen Stornierungskosten.<\/li>\n<\/ul>\n<p>&nbsp;<\/p>\n<ol start=\"4\">\n<li>Stornierung \/ Vertragsr\u00fccktritt<\/li>\n<\/ol>\n<ul>\n<li>Der Charterer ist berechtigt, vor Reiseantritt ohne Angabe von Gr\u00fcnden vom Chartervertrag zur\u00fcckzutreten. Die K\u00fcndigung hat schriftlich zu erfolgen. Im Falle des R\u00fccktritts vom Vertrag durch den Mieter entstehen folgende Stornierungskosten:<\/li>\n<li>50% des Charterpreises bei Eintreffen des R\u00fccktrittsschreibens weniger als 6 Wochen vor Reiseantritt;<\/li>\n<li>90% des Charterpreises bei Eintreffen des R\u00fccktrittsschreibens weniger als 4 Wochen vor Reiseantritt.<\/li>\n<li>Kann das Hausboot weiterverchartert werden, beh\u00e4lt sich der Vercharterer vor, eine pauschale Bearbeitungsgeb\u00fchr von 150,- \u20ac zu erheben.<\/li>\n<\/ul>\n<p>&nbsp;<\/p>\n<ol start=\"5\">\n<li>Boots\u00fcbergabe<\/li>\n<\/ol>\n<ul>\n<li>Die \u00dcbernahme erfolgt ab 13.00 Uhr am Anreisetag.<\/li>\n<li>Durch den Vercharterer wird das Hausboot in einem technisch einwandfreien, betriebsbereiten, vollgetankten, sauberen Zustand \u00fcbergeben. Der Charterer erh\u00e4lt w\u00e4hrend der \u00dcbergabe eine Einweisung in das Hausboot und dessen Benutzung. Charterer und Vercharterer pr\u00fcfen das Hausboot und dessen Einrichtung vor Fahrtantritt gemeinsam auf Sch\u00e4den und dokumentieren diese. Sollte w\u00e4hrend der Fahrt an Bord etwas besch\u00e4digt werden, ist der Charterer verpflichtet, den Vercharterer umgehend \u00fcber die entstandenen Sch\u00e4den zu informieren.<\/li>\n<\/ul>\n<ul>\n<li>Die von Beiden zu unterzeichnenden Check-\/ Inventarliste (\u00dcbergabeprotokoll) werden Bestandteil des Vertrages. Mit der Unterzeichnung best\u00e4tigen beide Vertragspartner die ordnungsgem\u00e4\u00dfe \u00dcbergabe des Bootes.<\/li>\n<li>Vorhandene versteckte M\u00e4ngel am Boot oder an der Ausr\u00fcstung berechtigen den Charterer nicht, den Charterpreis zu verweigern oder zu mindern, es sei denn, der Mangel war dem Vercharterer bekannt.<\/li>\n<li>Das Hausboot wird zum Charterbeginn sauber, mit gef\u00fcllten Tanks f\u00fcr Wasser und Treibstoff, sowie ausreichend Gaskartuschen \u00fcbergeben. Bei Fahrtende wird der Verbrauch des Benzins und der Gaskartuschen (pro St\u00fcck 2,00 \u20ac) abgerechnet.<\/li>\n<\/ul>\n<p>&nbsp;<\/p>\n<ol start=\"6\">\n<li>Unverf\u00fcgbarkeit des Bootes\/ Haftung des Vercharterers<\/li>\n<\/ol>\n<ul>\n<li>Ist das Hausboot durch vom Vercharterer nicht zu vertretende Umst\u00e4nde oder infolge h\u00f6herer Gewalt, nicht verf\u00fcgbar, sollte der bestehende Chartervertrag im gegenseitigen Einvernehmen aufgehoben werden und der Charterer erh\u00e4lt alle bereits geleisteten Zahlungen in voller H\u00f6he zur\u00fcck. Anspr\u00fcche des Charterers gegen\u00fcber dem Vercharterer sind daraus ausgeschlossen.<\/li>\n<\/ul>\n<ul>\n<li>Der Vercharterer ist nicht verantwortlich f\u00fcr Schifffahrtbeschr\u00e4nkungen, Unterbrechungen oder Beschr\u00e4nkungen in Notf\u00e4llen sowie Hoch- und Niedrigwasser, Streik o.\u00e4.<\/li>\n<\/ul>\n<p>&nbsp;<\/p>\n<ol start=\"7\">\n<li>Kaution<\/li>\n<\/ol>\n<ul>\n<li>Der Charterer hinterlegt vor \u00dcbernahme des Hausbootes eine Kaution in H\u00f6he von 250,00 \u20ac in bar (siehe Chartervertrag).<\/li>\n<li>Der Vercharterer kann einen Teil des Betrages oder den Gesamtbetrag einbehalten, wenn Sch\u00e4den an dem Hausboot verursacht wurden, wenn das Hausboot im stark verschmutzen Zustand zur\u00fcckgegeben wird, wenn die Ausstattung verloren, gestohlen oder besch\u00e4digt ist, oder einem Dritten Schaden zugef\u00fcgt wurde, so dass die Haftung des Vercharterers als Besitzer des Hausbootes in Anspruch genommen wird.<\/li>\n<\/ul>\n<p>&nbsp;<\/p>\n<ol start=\"8\">\n<li>Pflichten des Charterers<\/li>\n<\/ol>\n<ul>\n<li>Der Bootsf\u00fchrer muss vollj\u00e4hrig sein. Er ist gesamtschuldnerisch mit dem Charterer f\u00fcr den Mietgegenstand verantwortlich. Der Vercharterer beh\u00e4lt sich das Recht vor, dem Charterer die Verf\u00fcgung \u00fcber das Hausboot zu verweigern f\u00fcr den Fall, dass der Bootsf\u00fchrer (auch nach Ablegen der Einweisung) nicht die vorausgesetzte Eignung zum F\u00fchren eines Hausbootes besitzt. In diesem Fall wird der Chartervertrag zum Nachteil des Charterers aufgek\u00fcndigt. Die Chartergeb\u00fchr ist trotzdem f\u00e4llig, es sei denn, der Vercharterer findet einen Ersatzcharterer. Dann wird nur eine Bearbeitungsgeb\u00fchr von 150 Euro f\u00e4llig.<\/li>\n<\/ul>\n<ul>\n<li>Benutzung: Der Charterer verpflichtet sich, das Hausboot wie sein Eigentum nach den Regeln guter Seemannschaft zu behandeln und zu handhaben. Den Vorschriften von Beh\u00f6rden muss Folge geleistet werden. Der Charterer ist im Falle einer Gesetzes\u00fcbertretung, selbst unwillentlicher Art, den Beh\u00f6rden gegen\u00fcber pers\u00f6nlich haftbar.<\/li>\n<\/ul>\n<ul>\n<li>Der Charterer verpflichtet sich Haustiere nur an Bord zu lassen, wenn dies im Chartervertrag ausdr\u00fccklich vereinbart wurde.<\/li>\n<li>Der Charterer haftet f\u00fcr alle Sch\u00e4den an Hausboot und Ausr\u00fcstung, auch f\u00fcr Folge- und Ausfallsch\u00e4den, die von ihm oder seiner Crew verursacht werden, nicht auf normalen Verschlei\u00df zur\u00fcckzuf\u00fchren sind und nicht von den Versicherungen reguliert werden.<\/li>\n<li>Weiter verpflichtet sich der Charterer Grundber\u00fchrungen dem Vercharterer bei der R\u00fcckgabe des Hausbootes zu melden.<\/li>\n<li>Treten w\u00e4hrend der Charterperiode Sch\u00e4den am Hausboot auf, so hat der Charterer den Vercharterer sofort telefonisch zu informierten, um mit ihm die Zweckm\u00e4\u00dfigkeit der Reparatur abzustimmen.<\/li>\n<li>Der Charterer muss Reparaturen an Sch\u00e4den, die w\u00e4hrend eines T\u00f6rns auftreten, veranlassen, wenn die Besatzung gef\u00e4hrdet ist, die Seet\u00fcchtigkeit des Hausbootes beeintr\u00e4chtigt ist, der Schaden gr\u00f6\u00dfer werden kann oder die p\u00fcnktliche R\u00fcckkehr gef\u00e4hrdet ist.<\/li>\n<\/ul>\n<p>&nbsp;<\/p>\n<ul>\n<li>Unf\u00e4lle und Havarien m\u00fcssen umgehend der n\u00e4chsten Hafen- oder Polizeibeh\u00f6rde gemeldet werden. Dabei sind die Personalien, sowie Schiffstypen und die Namen aller Havariebeteiligten festzuhalten. Der Charterer fasst dar\u00fcber einen kurzen schriftlichen Bericht mit Skizze ab, den alle Havariebeteiligten unterzeichnen. Dieser Bericht wird bei der R\u00fcckkehr dem Vercharterer \u00fcbergeben. Erf\u00fcllt er diese Verpflichtung nicht, kann er f\u00fcr den Havarieschaden haftbar gemacht werden.<\/li>\n<li>Kosten f\u00fcr die Behebung von Verschlei\u00dfsch\u00e4den und nicht verschuldeter Sch\u00e4den werden gegen Quittung vom Vercharterer erstattet. Die ausgewechselten Teile sind dem Vercharterer zu \u00fcbergeben. Der Vercharterer muss aber auch hier vor einer Reparatur telefonisch sofort unterrichtet werden.<\/li>\n<\/ul>\n<ul>\n<li>Alle anderen Sch\u00e4den, sowie Aufwendungen f\u00fcr abhanden gekommene Ausr\u00fcstungsgegenst\u00e4nde tr\u00e4gt der Charterer, soweit nicht von einer Versicherung Ersatz geleistet wird. In solchen F\u00e4llen ist der Vercharterer berechtigt bei R\u00fcckgabe des Hausbootes die Kaution ganz oder teilweise einzubehalten bzw. einen Vorschuss zu verlangen. Weitergehende Ersatzanspr\u00fcche des Vercharterers sind nicht ausgeschlossen, z.B. wenn eine Havarie oder vom Chartergast zu verantwortende versteckte M\u00e4ngel verschwiegen werden.<\/li>\n<\/ul>\n<ul>\n<li>Der Mieter verpflichtet sich, das Boot nicht unterzuvermieten. Die Boote d\u00fcrfen nicht mit mehr Personen, wie in der Buchungsbest\u00e4tigung vereinbart ist, belegt werden. Gegebenenfalls sind die Mehrkosten f\u00fcr zus\u00e4tzlich mitfahrende oder bewohnende Personen mit dem Vercharterer abzustimmen. Belegen, ohne R\u00fccksprache mit dem Vercharterer, mehr Personen das Boot, ist dieser berechtigt Mehrkosten geltend zu machen und mit der Kaution zu verrechnen.<\/li>\n<li>Der Mieter darf das vor Anker liegende Boot nicht unbeaufsichtigt lassen und es in keine Situation bringen, aus der es nur mit fremder Hilfe befreit werden kann. Eventuell entstehende Kosten (z.B. Bergungslohn etc.) gehen zu Lasten des Mieters, sofern die Versicherung nicht eintritt. Das an Land festgemachte Boot ist fachgerecht zu vert\u00e4uen und vor dem Verlassen abzuschlie\u00dfen.<\/li>\n<li>Der Charterer ist verpflichtet, sich exakt an die Bordb\u00fccher und Bedienungsanleitungen zu halten und sich \u00fcber Gesetze, Regelungen, Wassertiefen und Br\u00fcckendurchfahrtsh\u00f6hen des Fahrgebietes sachkundig zu machen.<\/li>\n<li>Eine Nutzung des Bootes zu Wettk\u00e4mpfen und Sportzwecken ist nicht gestattet. Fahrten ab Windst\u00e4rke 4, sowie das Fahren des Hausbootes bei unsichtigem Wetter sind nicht gestattet.<\/li>\n<li>Das Schleppen und Bergen eines anderen Wasserfahrzeuges sowie Nachtfahrten sind aus versicherungstechnischen Gr\u00fcnden untersagt und bed\u00fcrfen der ausdr\u00fccklichen Genehmigung durch den Vercharterer.<\/li>\n<\/ul>\n<p>&nbsp;<\/p>\n<ol start=\"9\">\n<li>R\u00fccknahme des Hausbootes<\/li>\n<\/ol>\n<ul>\n<li>Die R\u00fcckgabe hat bis 10.00 Uhr am Abreisetag zu erfolgen. Das Boot wird von Ihnen aufger\u00e4umt und gereinigt \u00fcbergeben. Wird das Boot nicht im grundgereinigten Zustand zur\u00fcckgegeben, werden dem Mieter die zus\u00e4tzlichen Kosten nach Aufwand der Grundreinigung berechnet, mindestens jedoch 50,00 Euro.<\/li>\n<\/ul>\n<ul>\n<li>Bei der R\u00fccknahme pr\u00fcft der Vercharterer das Hausboot erneut und ist berechtigt, alle nicht zuvor dokumentierten Sch\u00e4den, wie unter &#8222;10. Haftung&#8220; beschrieben, zu berechnen.<\/li>\n<li>Der Charterer hat daf\u00fcr Sorge zu tragen, dass die R\u00fcckgabe p\u00fcnktlich erfolgt. Bei versp\u00e4teter R\u00fcckgabe wird durch den Vercharterer EUR 30,- je angefangene Stunde in Rechnung gestellt. Bei \u00dcberschreitung der vereinbarten Charterzeit verpflichtet sich der Charterer zur Fortzahlung des Charterpreises sowie sonstiger durch die \u00dcberschreitung entstehender Kosten. Sollte durch die \u00dcberschreitung ein Anschlusscharter verloren gehen, haftet der Charterer f\u00fcr den entstandenen Schaden.<\/li>\n<\/ul>\n<p>&nbsp;<\/p>\n<ol start=\"10\">\n<li>Haftung\/ Versicherung<\/li>\n<\/ol>\n<p>Haftpflicht (Sch\u00e4den an fremden Booten etc.):<\/p>\n<ul>\n<li>Mitversichert ist die pers\u00f6nliche gesetzliche Haftpflicht des verantwortlichen Bootsf\u00fchrers, soweit nicht Versicherungsschutz \u00fcber eine Privat-Haftpflichtversicherung besteht. Der Charterer ist im Falle eines Haftpflichtschadens verpflichtet, den Nachweis eines fehlenden Versicherungsschutzes schriftlich zu erbringen (Erkl\u00e4rung des Charteres oder seiner Versicherung).<\/li>\n<\/ul>\n<p>&nbsp;<\/p>\n<p>Kaskoversicherung (Sch\u00e4den am Hausboot):<\/p>\n<ul>\n<li>Das Boot ist vollkaskoversichert bei einer Selbstbeteiligung von 750,00 \u20ac. Die H\u00f6he der Kaution betr\u00e4gt 250,00 \u20ac.<\/li>\n<li>Verursacht der Charterer einen gr\u00f6\u00dferen Schaden, haftet er auch \u00fcber die Kaution hinaus bis zur H\u00f6he der Selbstbeteiligung, also bis 750,00 \u20ac!<\/li>\n<li>F\u00fcr Sch\u00e4den, die vors\u00e4tzlich oder grob fahrl\u00e4ssig (z.B. wegen Trunkenheit) verursacht werden, haftet der Charterer in voller H\u00f6he.<\/li>\n<li>Die abgeschlossene Versicherung haftet nicht bei Unf\u00e4llen von an Bord befindlichen Personen sowie f\u00fcr den Verlust von zur Bootsausr\u00fcstung geh\u00f6renden Gegenst\u00e4nden.<\/li>\n<li>Bei nicht sofort kalkulierbaren Sch\u00e4den kann die volle Kaution bis zur endg\u00fcltigen Schadensabwicklung einbehalten werden. Das Auftreten von M\u00e4ngeln ist auch bei bester Pflege und Wartung nicht auszuschlie\u00dfen und begr\u00fcndet, sofern keine wesentliche Beeintr\u00e4chtigung in der Gesamtnutzung des Bootes vorliegt, weder Regressanspruch gegen den Vercharterer noch eine K\u00fcrzung des Charterpreises oder einen Vertragsr\u00fccktritt.<\/li>\n<li>Der Charterer und seine Begleiter nutzen das Hausboot und sein Zubeh\u00f6r auf eigene Gefahr. Anspr\u00fcche jeder Art gegen den Vercharterer aus Sch\u00e4den, die dem Charterer oder seinen Begleitern w\u00e4hrend der Nutzung durch das Hausboot, Teile des Hausbootes oder des Zubeh\u00f6rs entstehen, sind ausgeschlossen.<\/li>\n<\/ul>\n<ul>\n<li>Des Weiteren ist jegliche Haftung f\u00fcr den Verlust oder Sch\u00e4den an pers\u00f6nlichen Gegenst\u00e4nden des Charterers oder dessen Begleitern ausgeschlossen. F\u00fcr die Richtigkeit des eventuell \u00fcberlassenen Kartenmaterials und die Anzeigengenauigkeit der Instrumente \u00fcbernimmt der Vercharterer keine Gew\u00e4hr.<\/li>\n<\/ul>\n<p>&nbsp;<\/p>\n<ol start=\"11\">\n<li>Vertrags\u00e4nderungen und Gerichtsstand<\/li>\n<\/ol>\n<p>Das Amtsgericht Neuruppin gilt als Gerichtsstand. Es gilt allein deutsches Recht. Nebenabreden bed\u00fcrfen der Schriftform. Werden Teile des Vertrages durch deutsche gesetzliche Bestimmungen ganz oder teilweise eingeschr\u00e4nkt oder aufgehoben, so behalten die \u00fcbrigen Teile des Vertrages ihre G\u00fcltigkeit.<\/p>\n<p>&nbsp;<\/p>\n<p>&nbsp;<\/p>\n<p>&nbsp;<\/p>\n<p>Stand: 01.06.2017<\/p>\n<p>[\/et_pb_text][et_pb_divider show_divider=&#8220;off&#8220; disabled_on=&#8220;off|off|off&#8220; _builder_version=&#8220;4.9.10&#8243; max_width=&#8220;150px&#8220; height=&#8220;false&#8220; animation_style=&#8220;slide&#8220; animation_direction=&#8220;top&#8220; animation_delay=&#8220;200ms&#8220; animation_intensity_slide=&#8220;10%&#8220;][\/et_pb_divider][\/et_pb_column][\/et_pb_row][et_pb_row use_custom_gutter=&#8220;on&#8220; gutter_width=&#8220;1&#8243; custom_padding_last_edited=&#8220;on|tablet&#8220; module_class=&#8220; et_pb_row_fullwidth&#8220; _builder_version=&#8220;3.25&#8243; use_background_color_gradient=&#8220;on&#8220; background_color_gradient_start=&#8220;#ffffff&#8220; background_color_gradient_end=&#8220;rgba(255,255,255,0)&#8220; background_color_gradient_end_position=&#8220;22%&#8220; background_size=&#8220;initial&#8220; background_position=&#8220;top_left&#8220; background_repeat=&#8220;repeat&#8220; width=&#8220;100%&#8220; width_tablet=&#8220;100%&#8220; width_phone=&#8220;&#8220; width_last_edited=&#8220;on|desktop&#8220; max_width=&#8220;100%&#8220; max_width_tablet=&#8220;100%&#8220; max_width_phone=&#8220;&#8220; max_width_last_edited=&#8220;on|desktop&#8220; custom_padding=&#8220;40px|0px|53px|0px||&#8220; custom_padding_tablet=&#8220;0px|||&#8220; custom_padding_phone=&#8220;&#8220; make_fullwidth=&#8220;on&#8220;][et_pb_column type=&#8220;4_4&#8243; _builder_version=&#8220;3.25&#8243; custom_padding=&#8220;|||&#8220; custom_padding__hover=&#8220;|||&#8220;][et_pb_text admin_label=&#8220;CTA Section Title&#8220; _builder_version=&#8220;4.9.10&#8243; text_font=&#8220;||||&#8220; text_line_height=&#8220;1em&#8220; header_font=&#8220;Oswald|on||on|&#8220; header_text_align=&#8220;center&#8220; header_font_size=&#8220;60px&#8220; header_line_height=&#8220;1.3em&#8220; background_size=&#8220;initial&#8220; background_position=&#8220;top_left&#8220; background_repeat=&#8220;repeat&#8220; module_alignment=&#8220;center&#8220; custom_margin=&#8220;||60px|&#8220; custom_padding=&#8220;|||&#8220; animation_style=&#8220;slide&#8220; animation_direction=&#8220;top&#8220; animation_intensity_slide=&#8220;10%&#8220; locked=&#8220;off&#8220;]<\/p>\n<h1>Worauf warten Sie noch?<\/h1>\n<p>[\/et_pb_text][et_pb_button button_url=&#8220;@ET-DC@eyJkeW5hbWljIjp0cnVlLCJjb250ZW50IjoicG9zdF9saW5rX3VybF9wYWdlIiwic2V0dGluZ3MiOnsicG9zdF9pZCI6IjMwIn19@&#8220; button_text=&#8220;Kontaktieren Sie uns!&#8220; button_alignment=&#8220;center&#8220; _builder_version=&#8220;4.9.10&#8243; _dynamic_attributes=&#8220;button_url&#8220; custom_button=&#8220;on&#8220; button_text_color=&#8220;#ffffff&#8220; button_bg_color=&#8220;#ed4441&#8243; button_border_color=&#8220;#ed4441&#8243; button_border_radius=&#8220;0px&#8220; button_letter_spacing=&#8220;4px&#8220; button_font=&#8220;Oswald|on||on|&#8220; button_icon=&#8220;%%3%%&#8220; button_icon_color=&#8220;#1a1a1a&#8220; button_border_color_hover=&#8220;#1a1a1a&#8220; button_border_radius_hover=&#8220;0px&#8220; button_letter_spacing_hover=&#8220;4px&#8220; button_bg_color_hover=&#8220;rgba(0,0,0,0)&#8220; locked=&#8220;off&#8220; button_text_size__hover_enabled=&#8220;off&#8220; button_one_text_size__hover_enabled=&#8220;off&#8220; button_two_text_size__hover_enabled=&#8220;off&#8220; button_text_color__hover_enabled=&#8220;off&#8220; button_one_text_color__hover_enabled=&#8220;off&#8220; button_two_text_color__hover_enabled=&#8220;off&#8220; button_border_width__hover_enabled=&#8220;off&#8220; button_one_border_width__hover_enabled=&#8220;off&#8220; button_two_border_width__hover_enabled=&#8220;off&#8220; button_border_color__hover_enabled=&#8220;on&#8220; button_border_color__hover=&#8220;#1a1a1a&#8220; button_one_border_color__hover_enabled=&#8220;off&#8220; button_two_border_color__hover_enabled=&#8220;off&#8220; button_border_radius__hover_enabled=&#8220;on&#8220; button_border_radius__hover=&#8220;0px&#8220; button_one_border_radius__hover_enabled=&#8220;off&#8220; button_two_border_radius__hover_enabled=&#8220;off&#8220; button_letter_spacing__hover_enabled=&#8220;on&#8220; button_letter_spacing__hover=&#8220;4px&#8220; button_one_letter_spacing__hover_enabled=&#8220;off&#8220; button_two_letter_spacing__hover_enabled=&#8220;off&#8220; button_bg_color__hover_enabled=&#8220;on&#8220; button_bg_color__hover=&#8220;rgba(0,0,0,0)&#8220; button_one_bg_color__hover_enabled=&#8220;off&#8220; button_two_bg_color__hover_enabled=&#8220;off&#8220;][\/et_pb_button][\/et_pb_column][\/et_pb_row][\/et_pb_section]<\/p>\n","protected":false},"excerpt":{"rendered":"<p>Impressum und AGBImpressum Angaben gem\u00e4\u00df \u00a7 5 TMG &nbsp; Ingeborg RoggeJunckerstr. 17 B16816 Neuruppin Kontakt Telefon: 0171-7008860E-Mail: info@rockys-hausboot.de Quelle: https:\/\/www.e-recht24.de\/impressum-generator.html &nbsp; &nbsp; Allgemeine Gesch\u00e4ftsbedingungen \u201eRockys Hausboot\u201c &nbsp; Die nachstehenden Bedingungen sind Bestandteil des Chartervertrages, der zwischen dem Kunden, im Folgenden als &#8222;Charterer&#8220; bezeichnet, und \u201eRocky \u0301s Hausboot\u201c, vertreten durch Ingeborg Rogge, im Folgenden als &#8222;Vercharterer&#8220; [&hellip;]<\/p>\n","protected":false},"author":1,"featured_media":0,"parent":0,"menu_order":0,"comment_status":"closed","ping_status":"closed","template":"","meta":{"_et_pb_use_builder":"on","_et_pb_old_content":"","_et_gb_content_width":"","footnotes":""},"class_list":["post-31","page","type-page","status-publish","hentry"],"_links":{"self":[{"href":"https:\/\/rockys-hausboot.de\/index.php?rest_route=\/wp\/v2\/pages\/31","targetHints":{"allow":["GET"]}}],"collection":[{"href":"https:\/\/rockys-hausboot.de\/index.php?rest_route=\/wp\/v2\/pages"}],"about":[{"href":"https:\/\/rockys-hausboot.de\/index.php?rest_route=\/wp\/v2\/types\/page"}],"author":[{"embeddable":true,"href":"https:\/\/rockys-hausboot.de\/index.php?rest_route=\/wp\/v2\/users\/1"}],"replies":[{"embeddable":true,"href":"https:\/\/rockys-hausboot.de\/index.php?rest_route=%2Fwp%2Fv2%2Fcomments&post=31"}],"version-history":[{"count":4,"href":"https:\/\/rockys-hausboot.de\/index.php?rest_route=\/wp\/v2\/pages\/31\/revisions"}],"predecessor-version":[{"id":1302,"href":"https:\/\/rockys-hausboot.de\/index.php?rest_route=\/wp\/v2\/pages\/31\/revisions\/1302"}],"wp:attachment":[{"href":"https:\/\/rockys-hausboot.de\/index.php?rest_route=%2Fwp%2Fv2%2Fmedia&parent=31"}],"curies":[{"name":"wp","href":"https:\/\/api.w.org\/{rel}","templated":true}]}}