{"id":1284,"date":"2021-08-04T18:25:50","date_gmt":"2021-08-04T17:25:50","guid":{"rendered":"https:\/\/rockys-hausboot.de\/?page_id=1284"},"modified":"2021-08-04T19:57:59","modified_gmt":"2021-08-04T18:57:59","slug":"ausstattung","status":"publish","type":"page","link":"https:\/\/rockys-hausboot.de\/?page_id=1284","title":{"rendered":"Ausstattung"},"content":{"rendered":"<p>[et_pb_section fb_built=&#8220;1&#8243; fullwidth=&#8220;on&#8220; admin_label=&#8220;Hero&#8220; _builder_version=&#8220;3.22&#8243;][et_pb_fullwidth_header title=&#8220;Ausstattung&#8220; button_one_url=&#8220;https:\/\/www.facebook.com\/Rockys-Hausboot-390087621433580\/?ref=page_internal&#8220; background_overlay_color=&#8220;rgba(29,38,51,0.86)&#8220; header_image_url=&#8220;https:\/\/rockys-hausboot.de\/wp-content\/uploads\/2021\/07\/logo-480&#215;359-1.png&#8220; content_max_width=&#8220;700px&#8220; admin_label=&#8220;Hero Section&#8220; _builder_version=&#8220;4.9.10&#8243; title_font=&#8220;Oswald|on||on|&#8220; title_font_size=&#8220;80px&#8220; title_line_height=&#8220;1.3em&#8220; content_font=&#8220;Roboto||||&#8220; content_font_size=&#8220;20px&#8220; background_color=&#8220;rgba(255, 255, 255, 0)&#8220; background_image=&#8220;https:\/\/rockys-hausboot.de\/wp-content\/uploads\/2021\/07\/IMG-20170622-WA0073-1080&#215;810-1.jpg&#8220; parallax=&#8220;on&#8220; parallax_method=&#8220;on&#8220; custom_button_one=&#8220;on&#8220; button_one_border_radius=&#8220;0px&#8220; button_one_letter_spacing=&#8220;4px&#8220; button_one_font=&#8220;Oswald|on||on|&#8220; button_one_icon=&#8220;%%3%%&#8220; button_one_icon_color=&#8220;#ffffff&#8220; min_height=&#8220;444px&#8220; custom_margin=&#8220;|||&#8220; custom_padding=&#8220;63px||53px|||&#8220; custom_padding_tablet=&#8220;60px||60px|&#8220; custom_padding_phone=&#8220;&#8220; custom_padding_last_edited=&#8220;on|tablet&#8220; child_filter_saturate=&#8220;169%&#8220; child_filter_brightness=&#8220;123%&#8220; child_filter_contrast=&#8220;67%&#8220; child_filter_sepia=&#8220;28%&#8220; child_filter_opacity=&#8220;96%&#8220; child_mix_blend_mode=&#8220;multiply&#8220; animation_style=&#8220;zoom&#8220; animation_direction=&#8220;bottom&#8220; animation_intensity_zoom=&#8220;4%&#8220; link_option_url_new_window=&#8220;on&#8220; border_color_all_image=&#8220;#004159&#8243; button_one_text_color_hover=&#8220;#ffffff&#8220; button_one_border_color_hover=&#8220;#ffffff&#8220; button_one_border_radius_hover=&#8220;0px&#8220; button_one_letter_spacing_hover=&#8220;4px&#8220; button_one_bg_color_hover=&#8220;rgba(0,0,0,0)&#8220; button_one_text_size__hover_enabled=&#8220;off&#8220; button_two_text_size__hover_enabled=&#8220;off&#8220; button_one_text_color__hover_enabled=&#8220;on&#8220; button_one_text_color__hover=&#8220;#ffffff&#8220; button_two_text_color__hover_enabled=&#8220;off&#8220; button_one_border_width__hover_enabled=&#8220;off&#8220; button_two_border_width__hover_enabled=&#8220;off&#8220; button_one_border_color__hover_enabled=&#8220;on&#8220; button_one_border_color__hover=&#8220;#ffffff&#8220; button_two_border_color__hover_enabled=&#8220;off&#8220; button_one_border_radius__hover_enabled=&#8220;on&#8220; button_one_border_radius__hover=&#8220;0px&#8220; button_two_border_radius__hover_enabled=&#8220;off&#8220; button_one_letter_spacing__hover_enabled=&#8220;on&#8220; button_one_letter_spacing__hover=&#8220;4px&#8220; button_two_letter_spacing__hover_enabled=&#8220;off&#8220; button_one_bg_color__hover_enabled=&#8220;on&#8220; button_one_bg_color__hover=&#8220;rgba(0,0,0,0)&#8220; button_two_bg_color__hover_enabled=&#8220;off&#8220;][\/et_pb_fullwidth_header][\/et_pb_section][et_pb_section fb_built=&#8220;1&#8243; _builder_version=&#8220;3.22&#8243; custom_margin=&#8220;||13px|||&#8220; custom_padding=&#8220;20px||20px||true|&#8220;][et_pb_row column_structure=&#8220;1_2,1_2&#8243; _builder_version=&#8220;3.25&#8243;][et_pb_column type=&#8220;1_2&#8243; _builder_version=&#8220;3.25&#8243; custom_padding=&#8220;|||&#8220; custom_padding__hover=&#8220;|||&#8220;][et_pb_text admin_label=&#8220;Discover Beatuty Title&#8220; _builder_version=&#8220;4.9.10&#8243; text_font=&#8220;||||&#8220; text_text_color=&#8220;#1a1a1a&#8220; header_font=&#8220;Oswald|on||on|&#8220; header_text_align=&#8220;left&#8220; header_font_size=&#8220;60px&#8220; header_line_height=&#8220;1.3em&#8220; animation_style=&#8220;slide&#8220; animation_direction=&#8220;%22fade_in%22&#8243; animation_duration=&#8220;500ms&#8220; animation_intensity_slide=&#8220;10%&#8220; hover_enabled=&#8220;0&#8243; sticky_enabled=&#8220;0&#8243;]<\/p>\n<h1><span style=\"font-weight: 400;\">\u00a0\u2026 Alles dabei?<\/span><\/h1>\n<p>[\/et_pb_text][et_pb_text admin_label=&#8220;Discover Beatuty Sub Title&#8220; _builder_version=&#8220;4.9.10&#8243; text_font=&#8220;Roboto||||&#8220; text_text_color=&#8220;#1a1a1a&#8220; text_font_size=&#8220;24px&#8220; text_line_height=&#8220;1.4em&#8220; animation_style=&#8220;slide&#8220; animation_direction=&#8220;top&#8220; animation_delay=&#8220;100ms&#8220; animation_intensity_slide=&#8220;10%&#8220; hover_enabled=&#8220;0&#8243; sticky_enabled=&#8220;0&#8243;]<\/p>\n<p><span>Mit unserem schwimmenden Ferienhaus genie\u00dfen Sie eine der sch\u00f6nsten Seenlandschaften Brandenburgs.<\/span><\/p>\n<p><span>Vermietet wird ein f\u00fchrerscheinfreies Hausboot in 16835 Lindow (Mark), welches f\u00fcr bis zu 4 Personen (und max. 2 Hunde &#8211;&gt; Hund 15 \u20ac\/Tag Aufpreis) geeignet ist.<\/span><\/p>\n<p><span>Das Hausboot ist 7 m lang und 3 m breit und hat einen 15 PS Suzuki Au\u00dfenbordmotor.<\/span><\/p>\n<p><span>Es sind insgesamt 4 Schlafpl\u00e4tze vorhanden, 1 Doppelstockbett 2 m x 0.90 m und die Sitzgruppe innen, die zum Doppelbett 1,40 m x 2 m umgebaut wird.<\/span><\/p>\n<p><span>Weitere Features:<\/span><\/p>\n<ul>\n<li><span>K\u00fcchenzeile mit 58l K\u00fchlbox 220V\/ 12V<\/span><\/li>\n<li><span>60l Frischwassertank,<\/span><\/li>\n<li><span>Bad mit Marine-WC (elektrisch), <\/span><\/li>\n<li><span>Waschtisch und Spiegel,<\/span><br \/><span><\/span><\/li>\n<li><span>Au\u00dfenduschschlauch,<\/span><br \/><span><\/span><\/li>\n<li><span>Verdunkelungsrollos an Fenster und T\u00fcren<\/span><br \/><span><\/span><\/li>\n<li><span>Insektenschutz an 1 Fenster,<\/span><br \/><span><\/span><\/li>\n<li><span>Radio mit USB Bluetooth sd 7Zoll Monitor<\/span><br \/><span><\/span><\/li>\n<li><span>R\u00fcckfahrkamera,<\/span><br \/><span><\/span><\/li>\n<li><span>Handyaufladung \u00fcber Solaranlage USB oder Autosteckdose,<\/span><br \/><span><\/span><\/li>\n<li><span>Diesel- und Elektro-Heizung<\/span><br \/><span><\/span><\/li>\n<li><span>Sonnendeck mit 2 Sonnenliegen,<\/span><br \/><span><\/span><\/li>\n<li><span>Dachterrasse 3x3m mit Dachleiter,<\/span><br \/><span><\/span><\/li>\n<li><span>Bugterrasse 9 m\u00b2 mit 4 Personen -Lounge-Sitzgruppe und Sonnenmarkise,<\/span><br \/><span><\/span><\/li>\n<li><span>Badeleiter,<\/span><br \/><span><\/span><\/li>\n<li><span>2 Gaskocher, Geschirr, Besteck,Teller, Tassen, Gl\u00e4ser,T\u00f6pfe, Bratpfanne,<\/span><br \/><span><\/span><\/li>\n<\/ul>\n<p><span>Alles an Bord !<\/span><\/p>\n<p><span>F\u00fcr die Sicherheit ist nat\u00fcrlich auch gesorgt, Rettungswesten und Feuerl\u00f6scher befinden sich ebenfalls an Bord.<\/span><\/p>\n<p><span><strong>SELBST MITZUBRINGEN<\/strong> ist komplette Bettw\u00e4sche ( Zudecke, Kopfkissen, Laken 1,4 m x 2 m \/ 0,9 m x 2 m).<\/span><\/p>\n<p><span>Ein kostenloser Parkplatz steht bei Anreise auch zur Verf\u00fcgung<\/span><\/p>\n<p>[\/et_pb_text][et_pb_divider show_divider=&#8220;off&#8220; disabled_on=&#8220;off|off|off&#8220; _builder_version=&#8220;4.9.10&#8243; max_width=&#8220;150px&#8220; height=&#8220;false&#8220; animation_style=&#8220;slide&#8220; animation_direction=&#8220;top&#8220; animation_delay=&#8220;200ms&#8220; animation_intensity_slide=&#8220;10%&#8220;][\/et_pb_divider][\/et_pb_column][et_pb_column type=&#8220;1_2&#8243; _builder_version=&#8220;3.25&#8243; custom_padding=&#8220;|||&#8220; custom_padding__hover=&#8220;|||&#8220;][et_pb_image src=&#8220;https:\/\/rockys-hausboot.de\/wp-content\/uploads\/2021\/07\/IMG-20210724-WA0023.jpg&#8220; title_text=&#8220;IMG-20210724-WA0023&#8243; align_tablet=&#8220;center&#8220; align_phone=&#8220;&#8220; align_last_edited=&#8220;on|desktop&#8220; _builder_version=&#8220;4.9.10&#8243; height=&#8220;379px&#8220; custom_margin=&#8220;90px|||&#8220; animation_style=&#8220;fold&#8220; animation_direction=&#8220;right&#8220; animation_intensity_fold=&#8220;20%&#8220; animation=&#8220;fade_in&#8220;][\/et_pb_image][et_pb_image src=&#8220;https:\/\/rockys-hausboot.de\/wp-content\/uploads\/2021\/07\/IMG-20210724-WA0009.jpg&#8220; title_text=&#8220;IMG-20210724-WA0009&#8243; align_tablet=&#8220;center&#8220; align_phone=&#8220;&#8220; align_last_edited=&#8220;on|desktop&#8220; _builder_version=&#8220;4.9.10&#8243; width=&#8220;59%&#8220; max_width=&#8220;100%&#8220; height=&#8220;257px&#8220; custom_margin=&#8220;90px|||&#8220; animation_style=&#8220;fold&#8220; animation_direction=&#8220;right&#8220; animation_intensity_fold=&#8220;20%&#8220; animation=&#8220;fade_in&#8220;][\/et_pb_image][et_pb_image src=&#8220;https:\/\/rockys-hausboot.de\/wp-content\/uploads\/2021\/07\/IMG-20210724-WA0017.jpg&#8220; title_text=&#8220;IMG-20210724-WA0017&#8243; align_tablet=&#8220;center&#8220; align_phone=&#8220;&#8220; align_last_edited=&#8220;on|desktop&#8220; _builder_version=&#8220;4.9.10&#8243; width=&#8220;59%&#8220; max_width=&#8220;100%&#8220; height=&#8220;257px&#8220; custom_margin=&#8220;90px|||&#8220; animation_style=&#8220;fold&#8220; animation_direction=&#8220;right&#8220; animation_intensity_fold=&#8220;20%&#8220; animation=&#8220;fade_in&#8220;][\/et_pb_image][et_pb_image src=&#8220;https:\/\/rockys-hausboot.de\/wp-content\/uploads\/2021\/07\/IMG-20210724-WA0018.jpg&#8220; title_text=&#8220;IMG-20210724-WA0018&#8243; align_tablet=&#8220;center&#8220; align_phone=&#8220;&#8220; align_last_edited=&#8220;on|desktop&#8220; _builder_version=&#8220;4.9.10&#8243; width=&#8220;95%&#8220; max_width=&#8220;100%&#8220; height=&#8220;257px&#8220; custom_margin=&#8220;90px|||&#8220; animation_style=&#8220;fold&#8220; animation_direction=&#8220;right&#8220; animation_intensity_fold=&#8220;20%&#8220; animation=&#8220;fade_in&#8220;][\/et_pb_image][et_pb_image src=&#8220;https:\/\/rockys-hausboot.de\/wp-content\/uploads\/2021\/07\/IMG-20170622-WA0066-768&#215;1024-1.jpg&#8220; title_text=&#8220;IMG-20170622-WA0066-768&#215;1024&#8243; align_tablet=&#8220;center&#8220; align_phone=&#8220;&#8220; align_last_edited=&#8220;on|desktop&#8220; _builder_version=&#8220;4.9.10&#8243; width=&#8220;95%&#8220; max_width=&#8220;100%&#8220; height=&#8220;257px&#8220; custom_margin=&#8220;90px|||&#8220; animation_style=&#8220;fold&#8220; animation_direction=&#8220;right&#8220; animation_intensity_fold=&#8220;20%&#8220; animation=&#8220;fade_in&#8220;][\/et_pb_image][\/et_pb_column][\/et_pb_row][et_pb_row use_custom_gutter=&#8220;on&#8220; gutter_width=&#8220;1&#8243; custom_padding_last_edited=&#8220;on|tablet&#8220; module_class=&#8220; et_pb_row_fullwidth&#8220; _builder_version=&#8220;3.25&#8243; use_background_color_gradient=&#8220;on&#8220; background_color_gradient_start=&#8220;#ffffff&#8220; background_color_gradient_end=&#8220;rgba(255,255,255,0)&#8220; background_color_gradient_end_position=&#8220;22%&#8220; background_size=&#8220;initial&#8220; background_position=&#8220;top_left&#8220; background_repeat=&#8220;repeat&#8220; width=&#8220;100%&#8220; width_tablet=&#8220;100%&#8220; width_phone=&#8220;&#8220; width_last_edited=&#8220;on|desktop&#8220; max_width=&#8220;100%&#8220; max_width_tablet=&#8220;100%&#8220; max_width_phone=&#8220;&#8220; max_width_last_edited=&#8220;on|desktop&#8220; custom_padding=&#8220;40px|0px|53px|0px||&#8220; custom_padding_tablet=&#8220;0px|||&#8220; custom_padding_phone=&#8220;&#8220; make_fullwidth=&#8220;on&#8220;][et_pb_column type=&#8220;4_4&#8243; _builder_version=&#8220;3.25&#8243; custom_padding=&#8220;|||&#8220; custom_padding__hover=&#8220;|||&#8220;][et_pb_text admin_label=&#8220;CTA Section Title&#8220; _builder_version=&#8220;4.9.10&#8243; text_font=&#8220;||||&#8220; text_line_height=&#8220;1em&#8220; header_font=&#8220;Oswald|on||on|&#8220; header_text_align=&#8220;center&#8220; header_font_size=&#8220;60px&#8220; header_line_height=&#8220;1.3em&#8220; background_size=&#8220;initial&#8220; background_position=&#8220;top_left&#8220; background_repeat=&#8220;repeat&#8220; module_alignment=&#8220;center&#8220; custom_margin=&#8220;||60px|&#8220; custom_padding=&#8220;|||&#8220; animation_style=&#8220;slide&#8220; animation_direction=&#8220;top&#8220; animation_intensity_slide=&#8220;10%&#8220; locked=&#8220;off&#8220;]<\/p>\n<h1>Worauf warten Sie noch?<\/h1>\n<p>[\/et_pb_text][et_pb_button button_url=&#8220;@ET-DC@eyJkeW5hbWljIjp0cnVlLCJjb250ZW50IjoicG9zdF9saW5rX3VybF9wYWdlIiwic2V0dGluZ3MiOnsicG9zdF9pZCI6IjMwIn19@&#8220; button_text=&#8220;Kontaktieren Sie uns!&#8220; button_alignment=&#8220;center&#8220; _builder_version=&#8220;4.9.10&#8243; _dynamic_attributes=&#8220;button_url&#8220; custom_button=&#8220;on&#8220; button_text_color=&#8220;#ffffff&#8220; button_bg_color=&#8220;#ed4441&#8243; button_border_color=&#8220;#ed4441&#8243; button_border_radius=&#8220;0px&#8220; button_letter_spacing=&#8220;4px&#8220; button_font=&#8220;Oswald|on||on|&#8220; button_icon=&#8220;%%3%%&#8220; button_icon_color=&#8220;#1a1a1a&#8220; button_border_color_hover=&#8220;#1a1a1a&#8220; button_border_radius_hover=&#8220;0px&#8220; button_letter_spacing_hover=&#8220;4px&#8220; button_bg_color_hover=&#8220;rgba(0,0,0,0)&#8220; locked=&#8220;off&#8220; button_text_size__hover_enabled=&#8220;off&#8220; button_one_text_size__hover_enabled=&#8220;off&#8220; button_two_text_size__hover_enabled=&#8220;off&#8220; button_text_color__hover_enabled=&#8220;off&#8220; button_one_text_color__hover_enabled=&#8220;off&#8220; button_two_text_color__hover_enabled=&#8220;off&#8220; button_border_width__hover_enabled=&#8220;off&#8220; button_one_border_width__hover_enabled=&#8220;off&#8220; button_two_border_width__hover_enabled=&#8220;off&#8220; button_border_color__hover_enabled=&#8220;on&#8220; button_border_color__hover=&#8220;#1a1a1a&#8220; button_one_border_color__hover_enabled=&#8220;off&#8220; button_two_border_color__hover_enabled=&#8220;off&#8220; button_border_radius__hover_enabled=&#8220;on&#8220; button_border_radius__hover=&#8220;0px&#8220; button_one_border_radius__hover_enabled=&#8220;off&#8220; button_two_border_radius__hover_enabled=&#8220;off&#8220; button_letter_spacing__hover_enabled=&#8220;on&#8220; button_letter_spacing__hover=&#8220;4px&#8220; button_one_letter_spacing__hover_enabled=&#8220;off&#8220; button_two_letter_spacing__hover_enabled=&#8220;off&#8220; button_bg_color__hover_enabled=&#8220;on&#8220; button_bg_color__hover=&#8220;rgba(0,0,0,0)&#8220; button_one_bg_color__hover_enabled=&#8220;off&#8220; button_two_bg_color__hover_enabled=&#8220;off&#8220;][\/et_pb_button][\/et_pb_column][\/et_pb_row][\/et_pb_section]<\/p>\n","protected":false},"excerpt":{"rendered":"<p>\u00a0\u2026 Alles dabei?Mit unserem schwimmenden Ferienhaus genie\u00dfen Sie eine der sch\u00f6nsten Seenlandschaften Brandenburgs. Vermietet wird ein f\u00fchrerscheinfreies Hausboot in 16835 Lindow (Mark), welches f\u00fcr bis zu 4 Personen (und max. 2 Hunde &#8211;&gt; Hund 15 \u20ac\/Tag Aufpreis) geeignet ist. Das Hausboot ist 7 m lang und 3 m breit und hat einen 15 PS Suzuki [&hellip;]<\/p>\n","protected":false},"author":1,"featured_media":0,"parent":0,"menu_order":0,"comment_status":"closed","ping_status":"closed","template":"","meta":{"_et_pb_use_builder":"on","_et_pb_old_content":"","_et_gb_content_width":"","footnotes":""},"class_list":["post-1284","page","type-page","status-publish","hentry"],"_links":{"self":[{"href":"https:\/\/rockys-hausboot.de\/index.php?rest_route=\/wp\/v2\/pages\/1284","targetHints":{"allow":["GET"]}}],"collection":[{"href":"https:\/\/rockys-hausboot.de\/index.php?rest_route=\/wp\/v2\/pages"}],"about":[{"href":"https:\/\/rockys-hausboot.de\/index.php?rest_route=\/wp\/v2\/types\/page"}],"author":[{"embeddable":true,"href":"https:\/\/rockys-hausboot.de\/index.php?rest_route=\/wp\/v2\/users\/1"}],"replies":[{"embeddable":true,"href":"https:\/\/rockys-hausboot.de\/index.php?rest_route=%2Fwp%2Fv2%2Fcomments&post=1284"}],"version-history":[{"count":5,"href":"https:\/\/rockys-hausboot.de\/index.php?rest_route=\/wp\/v2\/pages\/1284\/revisions"}],"predecessor-version":[{"id":1309,"href":"https:\/\/rockys-hausboot.de\/index.php?rest_route=\/wp\/v2\/pages\/1284\/revisions\/1309"}],"wp:attachment":[{"href":"https:\/\/rockys-hausboot.de\/index.php?rest_route=%2Fwp%2Fv2%2Fmedia&parent=1284"}],"curies":[{"name":"wp","href":"https:\/\/api.w.org\/{rel}","templated":true}]}}